{"id":8190,"date":"2024-04-30T08:09:07","date_gmt":"2024-04-30T06:09:07","guid":{"rendered":"https:\/\/www.schuetzen-bilk.de\/?page_id=8190"},"modified":"2024-04-30T08:21:06","modified_gmt":"2024-04-30T06:21:06","slug":"jugend","status":"publish","type":"page","link":"https:\/\/www.schuetzen-bilk.de\/index.php\/jugend\/","title":{"rendered":"Jugend"},"content":{"rendered":"\n<p>Im Sch\u00fctzenverein D\u00fcsseldorf Bilk ist das Motto &#8222;Zosamme&#8220; nicht nur eine Phrase, sondern ein gelebtes Prinzip, das besonders in der Jugendarbeit seinen Ausdruck findet. Hier wird Gemeinschaft gro\u00dfgeschrieben, und die Jugend bildet das lebendige Herzst\u00fcck dieser Verbundenheit.<\/p>\n\n\n\n<p>F\u00fcr die j\u00fcngsten Mitglieder, die Pagen, ist der Sch\u00fctzenverein ein Ort des Entdeckens und des gemeinsamen Spielens. Unter der behutsamen Anleitung erfahrener Mitglieder lernen sie nicht nur die Grundlagen des Schie\u00dfsports, sondern auch die Werte von Respekt, Teamgeist und Tradition.<\/p>\n\n\n\n<p>Die Zeit als Jungsch\u00fctze ist gepr\u00e4gt von intensiverem Training und gemeinsamen Aktivit\u00e4ten, die das Zusammengeh\u00f6rigkeitsgef\u00fchl st\u00e4rken. Regelm\u00e4\u00dfig nehmen die Jungsch\u00fctzen an verschiedenen Veranstaltungen teil, darunter auch Schie\u00dfwettk\u00e4mpfe wie der IGDS-Tag im Juli und der Brauerei-Pokal im Herbst. Hier zeigt sich nicht nur ihr sportliches K\u00f6nnen, sondern auch ihre Verbundenheit und ihr Engagement f\u00fcr den Verein.<\/p>\n\n\n\n<p>Besonders beeindruckend ist der Auftritt der Jungsch\u00fctzen am Samstagabend w\u00e4hrend des Sch\u00fctzenfestes. \u00dcber Monate hinweg proben sie intensiv, um ihre Darbietung perfekt zu machen und die Tradition des Vereins geb\u00fchrend zu repr\u00e4sentieren.<\/p>\n\n\n\n<p>Die Jugendarbeit im Sch\u00fctzenverein D\u00fcsseldorf Bilk wird von engagierten Erwachsenen, angef\u00fchrt vom Jugendwart, Jim M\u00fcller, und seiner Kommission, geleitet. Sie schaffen eine Atmosph\u00e4re, in der sich die Jugendlichen akzeptiert und unterst\u00fctzt f\u00fchlen und in der sie ihre F\u00e4higkeiten entfalten k\u00f6nnen. <\/p>\n\n\n\n<p>Aber es geht nicht nur um den Schie\u00dfsport. Der Sch\u00fctzenverein bietet auch Veranstaltungen wie das Kindersch\u00fctzenfest am M\u00f6schesonntag, bei dem die Pagen im Mittelpunkt stehen und die Jungsch\u00fctzen ihre soziale Verantwortung zeigen, indem sie bei der Organisation und Durchf\u00fchrung helfen.<\/p>\n\n\n\n<p>Die Jugend im Sch\u00fctzenverein D\u00fcsseldorf Bilk ist nicht nur eine Gruppe von Mitgliedern, sondern eine Gemeinschaft, die zusammenh\u00e4lt, f\u00fcreinander da ist und gemeinsam w\u00e4chst. Durch die gemeinsamen Erlebnisse, Trainingseinheiten und Veranstaltungen entstehen Freundschaften, die \u00fcber das Jungsch\u00fctzenalter hinaus bestehen und das Motto &#8222;Zosamme&#8220; mit Leben f\u00fcllen.<\/p>\n","protected":false},"excerpt":{"rendered":"<p>Im Sch\u00fctzenverein D\u00fcsseldorf Bilk ist das Motto &#8222;Zosamme&#8220; nicht nur eine Phrase, sondern ein gelebtes Prinzip, das besonders in der Jugendarbeit seinen Ausdruck findet. Hier<span class=\"more-link\"><a href=\"https:\/\/www.schuetzen-bilk.de\/index.php\/jugend\/\">Mehr&#8230;<\/a><\/span><\/p>\n","protected":false},"author":6,"featured_media":0,"parent":0,"menu_order":0,"comment_status":"closed","ping_status":"closed","template":"","meta":{"footnotes":""},"class_list":["entry","author-scarlett","post-8190","page","type-page","status-publish"],"_links":{"self":[{"href":"https:\/\/www.schuetzen-bilk.de\/index.php\/wp-json\/wp\/v2\/pages\/8190","targetHints":{"allow":["GET"]}}],"collection":[{"href":"https:\/\/www.schuetzen-bilk.de\/index.php\/wp-json\/wp\/v2\/pages"}],"about":[{"href":"https:\/\/www.schuetzen-bilk.de\/index.php\/wp-json\/wp\/v2\/types\/page"}],"author":[{"embeddable":true,"href":"https:\/\/www.schuetzen-bilk.de\/index.php\/wp-json\/wp\/v2\/users\/6"}],"replies":[{"embeddable":true,"href":"https:\/\/www.schuetzen-bilk.de\/index.php\/wp-json\/wp\/v2\/comments?post=8190"}],"version-history":[{"count":1,"href":"https:\/\/www.schuetzen-bilk.de\/index.php\/wp-json\/wp\/v2\/pages\/8190\/revisions"}],"predecessor-version":[{"id":8191,"href":"https:\/\/www.schuetzen-bilk.de\/index.php\/wp-json\/wp\/v2\/pages\/8190\/revisions\/8191"}],"wp:attachment":[{"href":"https:\/\/www.schuetzen-bilk.de\/index.php\/wp-json\/wp\/v2\/media?parent=8190"}],"curies":[{"name":"wp","href":"https:\/\/api.w.org\/{rel}","templated":true}]}}