{"id":64,"date":"2016-06-05T16:39:49","date_gmt":"2016-06-05T14:39:49","guid":{"rendered":"http:\/\/www.xn--schtzen-bilk-flb.de\/?page_id=64"},"modified":"2024-07-25T12:56:11","modified_gmt":"2024-07-25T10:56:11","slug":"impressum","status":"publish","type":"page","link":"https:\/\/www.schuetzen-bilk.de\/index.php\/impressum\/","title":{"rendered":"Impressum"},"content":{"rendered":"\n<h2 class=\"wp-block-heading has-text-align-left\">St. Sebastianus Sch\u00fctzenverein D\u00fcsseldorf-Bilk e.V.<\/h2>\n\n\n\n<p>B\u00fcdericher Weg 18, 47807 Krefeld<\/p>\n\n\n\n<h3 class=\"wp-block-heading\">Gesch\u00e4ftsstelle<\/h3>\n\n\n\n<p class=\"has-text-align-left\">Neusser Strasse 133<br>40219 D\u00fcsseldorf<\/p>\n\n\n\n<h3 class=\"wp-block-heading has-text-align-left\"><strong>Vertreten durch:<\/strong><\/h3>\n\n\n\n<p class=\"has-text-align-left\">1. Chef Ulrich M\u00fcller<br>2. Chef Ralf Gendrung<br>1. Schriftf\u00fchrer Tim Wiatrowski<br>1. Kassierer Bernd Obermeyer<\/p>\n\n\n\n<h3 class=\"wp-block-heading has-text-align-left\">Verantwortlich f\u00fcr den Inhalt:<\/h3>\n\n\n\n<p class=\"has-text-align-left\">Bernd Obermeyer<strong><br><\/strong><\/p>\n\n\n\n<p><strong>Technische Betreuung:<br><\/strong><\/p>\n\n\n\n<p>webmaster(at)schuetzen-bilk.de<\/p>\n\n\n\n<p><strong>Bilder auf dieser Website freundlicherweise zur Verf\u00fcgung gestellt von:<\/strong><br>Thomas Lehmk\u00e4mper, Frank Engels, Ren\u00e9 Krombholz, Sebastian Th\u00f6ne<\/p>\n\n\n\n<p class=\"has-text-align-left\"><strong>Registereintrag:<\/strong><br>Eintragung im Vereinsregister<br>Registergericht: Amtsgericht D\u00fcsseldorf<br>Registernummer: 3294<\/p>\n\n\n\n<h2 class=\"wp-block-heading\">&nbsp;<\/h2>\n\n\n\n<h2 class=\"wp-block-heading\">Disclaimer<\/h2>\n\n\n\n<p><strong>1. Haftungsbeschr\u00e4nkung<\/strong><br>Die Inhalte des Internetauftritts wurden mit gr\u00f6\u00dftm\u00f6glicher Sorgfalt und nach bestem Gewissen erstellt. Dennoch \u00fcbernimmt der Anbieter dieser Webseite keine Gew\u00e4hr f\u00fcr die Aktualit\u00e4t, Vollst\u00e4ndigkeit und Richtigkeit der bereitgestellten Seiten und Inhalte.<\/p>\n\n\n\n<p>Als Dienstanbieter ist der Anbieter dieser Webseite gem\u00e4\u00df \u00a7 7 Abs. 1 TMG f\u00fcr eigene Inhalte und bereitgestellte Informationen auf diesen Seiten nach den allgemeinen Gesetzen verantwortlich; nach den \u00a7\u00a7 8 bis 10 TMG jedoch nicht verpflichtet, die \u00fcbermittelten oder gespeicherten fremden Informationen zu \u00fcberwachen. Eine Entfernung oder Sperrung dieser Inhalte erfolgt umgehend ab dem Zeitpunkt der Kenntnis einer konkreten Rechtsverletzung. Eine Haftung ist erst ab dem Zeitpunkt der Kenntniserlangung m\u00f6glich.<\/p>\n\n\n\n<p><strong>2. Externe Links<\/strong><br>Die Webseite enth\u00e4lt sog. \u201eexterne Links\u201c (Verlinkungen) zu anderen Webseiten, auf deren Inhalt der Anbieter der Webseite keinen Einfluss hat. Aus diesem Grund kann der Anbieter f\u00fcr diese Inhalte auch keine Gew\u00e4hr \u00fcbernehmen.<br>F\u00fcr die Inhalte und Richtigkeit der bereitgestellten Informationen ist der jeweilige Anbieter der verlinkten Webseite verantwortlich. Zum Zeitpunkt der Verlinkung waren keine Rechtsverst\u00f6\u00dfe erkennbar. Bei Bekanntwerden einer solchen Rechtsverletzung wird der Link umgehend entfernen.<\/p>\n\n\n\n<p><strong>3. Urheberrecht\/Leistungsschutzrecht<\/strong><br>Die auf dieser Webseite ver\u00f6ffentlichten Inhalte, Werke und bereitgestellten Informationen unterliegen dem deutschen Urheberrecht und Leistungsschutzrecht. Jede Art der Vervielf\u00e4ltigung, Bearbeitung, Verbreitung, Einspeicherung und jede Art der Verwertung au\u00dferhalb der Grenzen des Urheberrechts bedarf der vorherigen schriftlichen Zustimmung des jeweiligen Rechteinhabers. Das unerlaubte Kopieren\/Speichern der bereitgestellten Informationen auf diesen Webseiten ist nicht gestattet und strafbar.<\/p>\n\n\n\n<p><strong>4. Datenschutz<\/strong><br><a href=\"\/\/www.schuetzen-bilk.de\/index.php\/datenschutz\/\" target=\"_blank\" rel=\"noopener noreferrer\">Datenschutzhinweis<\/a><\/p>\n\n\n\n<p>Der Anbieter beh\u00e4lt sich rechtliche Schritte f\u00fcr den Fall der unverlangten Zusendung von Werbeinformationen, z. B. durch Spam-Mails, vor. Quelle: <a href=\"\/\/www.mustervorlage.net\/disclaimer-muster\">Disclaimer-Muster<\/a><\/p>\n","protected":false},"excerpt":{"rendered":"<p>St. Sebastianus Sch\u00fctzenverein D\u00fcsseldorf-Bilk e.V. B\u00fcdericher Weg 18, 47807 Krefeld Gesch\u00e4ftsstelle Neusser Strasse 13340219 D\u00fcsseldorf Vertreten durch: 1. Chef Ulrich M\u00fcller2. Chef Ralf Gendrung1. Schriftf\u00fchrer<span class=\"more-link\"><a href=\"https:\/\/www.schuetzen-bilk.de\/index.php\/impressum\/\">Mehr&#8230;<\/a><\/span><\/p>\n","protected":false},"author":1,"featured_media":0,"parent":0,"menu_order":0,"comment_status":"closed","ping_status":"closed","template":"","meta":{"footnotes":""},"class_list":["entry","author-sebastian-thoene","post-64","page","type-page","status-publish"],"_links":{"self":[{"href":"https:\/\/www.schuetzen-bilk.de\/index.php\/wp-json\/wp\/v2\/pages\/64","targetHints":{"allow":["GET"]}}],"collection":[{"href":"https:\/\/www.schuetzen-bilk.de\/index.php\/wp-json\/wp\/v2\/pages"}],"about":[{"href":"https:\/\/www.schuetzen-bilk.de\/index.php\/wp-json\/wp\/v2\/types\/page"}],"author":[{"embeddable":true,"href":"https:\/\/www.schuetzen-bilk.de\/index.php\/wp-json\/wp\/v2\/users\/1"}],"replies":[{"embeddable":true,"href":"https:\/\/www.schuetzen-bilk.de\/index.php\/wp-json\/wp\/v2\/comments?post=64"}],"version-history":[{"count":5,"href":"https:\/\/www.schuetzen-bilk.de\/index.php\/wp-json\/wp\/v2\/pages\/64\/revisions"}],"predecessor-version":[{"id":8285,"href":"https:\/\/www.schuetzen-bilk.de\/index.php\/wp-json\/wp\/v2\/pages\/64\/revisions\/8285"}],"wp:attachment":[{"href":"https:\/\/www.schuetzen-bilk.de\/index.php\/wp-json\/wp\/v2\/media?parent=64"}],"curies":[{"name":"wp","href":"https:\/\/api.w.org\/{rel}","templated":true}]}}