{"id":1000,"date":"2016-11-25T12:13:51","date_gmt":"2016-11-25T11:13:51","guid":{"rendered":"http:\/\/www.xn--schtzen-bilk-flb.de\/?page_id=1000"},"modified":"2016-11-25T12:13:51","modified_gmt":"2016-11-25T11:13:51","slug":"titularfest","status":"publish","type":"page","link":"https:\/\/www.schuetzen-bilk.de\/index.php\/titularfest\/","title":{"rendered":"Titularfest"},"content":{"rendered":"<p>Am Sonntag dem 22. Januar 2017 feierte der St. Sebastianus Sch\u00fctzenverein D\u00fcsseldorf Bilk e.V. 1445 das allj\u00e4hrliche die Titularfest, das Fest des Namenspatrons Sankt Sebastian. <\/p>\n<p>W\u00e4hrend des feierlichen Festgottesdienstes mit Fahnenweihe (der Friedrichst\u00e4dter Reserve) wurde auch das Anno-Santo-Kreuz an die Germania Kompanie und das TC St. Martin verliehen.<br \/>\nDanach fand traditionell ein kleiner Festakt im Saal der Friedenskirche D\u00fcsseldorf statt. <\/p>\n<p>Der erste Chef Ulrich M\u00fcller konnte zahlreiche Ehreng\u00e4ste aus Bundes-, und Landtag, Kirche, Politik und Brauchtum begr\u00fc\u00dfen.<br \/>\nIn seiner Er\u00f6ffnungsrede brachte Ulrich M\u00fcller das vergangene Jahr der Bilker Sch\u00fctzen in Erinnerung. Durch die Projekttage ist eine neue Basis zwecks Austausch und Findung geschaffen worden, vieles was angedacht wurde ist ins Leben gerufen, anders wird noch umgesetzt. Nicht immer ist der Erfolg sofort sichtbar, manches braucht Zeit, so bat er die Kameraden auch um Geduld.<br \/>\nMit neuen Projekten wie dem Seniorenabend oder Pittermanns School geht der Verein neue Wege, ein weiteres Vorhaben ist der geplante Stra\u00dfenschmuck zum Sch\u00fctzenfest: \u201eJeder in Bilk soll sehen das wir Sch\u00fctzenfest haben..!!!\u201c so der erste Chef, der an dieser Stelle bereits um Mitarbeit der Kameraden bat.<\/p>\n<p>Auch auf aktuelles Geschehen ging er ein. Er betonte die Richtigkeit der Sicherungsma\u00dfnahmen der Polizei und brachte Unverst\u00e4ndnis f\u00fcr Menschen zum Ausdruck die erst nach verst\u00e4rkter Sicherheit rufen und diese dann als rassistisch einstufen, wenn Ma\u00dfnahmen erfolgen. <\/p>\n<p>Nach dem St\u00e4ndchen von TC St Martin Bilk und FC Freisch\u00fctz ehrte Sportwart Jim M\u00fcller die Sieger der Pokalwettbewerbe.<\/p>\n<p>W\u00e4hrend des Titularfest werden auch \u00c4mter best\u00e4tigt. So wurden dieses Jahr der 1.Hauptmann Horst Wachholder und der 2. Hauptmann Roland Weigel der Andreas Hofer \u2013 Hubertus J\u00e4ger best\u00e4tigt.<br \/>\nBest\u00e4tigung gab es auch im Offizierscorps, hier best\u00e4tigte Oberst Michael Kohn die neuen Adjudanten:  Adjutant im J\u00e4ger Bataillon &#8211; Michael Paulus\t aus der Tell Kompanie. Adjutant im Friedrichst\u00e4dter Bataillon, Pascal Schiffers aus dem Schill\u2019sches Korps.<\/p>\n<p>Verabschiedet wurde aus gesundheitlichen Gr\u00fcnden Oberstleutnant Juppi Hinzen. Der Oberst schilderte in seiner Abschiedsrede eindrucksvoll, wie im Sch\u00fctzenleben aus zwei unterschiedlichen und nicht immer harmonierenden Charakteren, durch Respekt und guter Zusammenarbeit zwei tolle Kameraden werden k\u00f6nnen. F\u00fcr seine Verdienste wurde Wolfgang (Juppi) Hinzen zum Ehrenoberstleutnant ernannt<\/p>\n<p>Die Seitenhiebe auf Verantwortliche in Verwaltung und Politik (die von Brauchtum keine Ahnung haben) uns das (\u00dcber) Leben aber immer schwerer machen, konnte der Oberst sich nicht verkneifen. Man sp\u00fcrte f\u00f6rmlich seinen inneren Zorn, Heinz Kohn auf Wolke 7 war sichtlich stolz auf seinen Sohn.  <\/p>\n<p>Die zweith\u00f6chste Ehrung des Vereins traf einen Sch\u00fctzenkameraden der nicht mehr immer in Bilk sein kann, den Bundestagsabgeordneten Andreas Rimkus.<\/p>\n<p>Seit Januar 2010 ist Andreas Rimkus aktives Mitglied der Friedrichst\u00e4dter Reserve.<br \/>\nGrund f\u00fcr den Eintritt war damals das soziale Verhalten der Mitglieder und die traditionelle N\u00e4he einiger Kompaniemitglieder zur SPD. <\/p>\n<p>Andreas Rimkus arbeitet in vielen Belangen mit dem Regimentsvorstand zusammen.<br \/>\nZuletzt hatte er im Dezember 2016 einen bunten Nachmittag f\u00fcr Bilker Senioren im Vereinshaus ins Leben gerufen und hierzu gro\u00dfe Spenden eingesammelt. <\/p>\n<p>Es w\u00e4re m\u00fc\u00dfig hier alle seine Verdienste aufzuz\u00e4hlen, derer gibt es viele.<br \/>\nAndreas lebt nach dem Motto: \u201eMer kennen uns und mer helfen uns!\u201c so der erste Chef in der Laudatio. Das war auch das Motto des ersten Bundeskanzlers Konrad Adenauer. Auch wenn Dieser einer anderen Partei angeh\u00f6rte, so ist es der Gedanke der z\u00e4hlt. <\/p>\n<p>Unter gleichem Motto k\u00f6nnte man auch die traditionelle Sammlung von Oliver Zieba stellen, der amtierende Regimentsk\u00f6nig sammelt f\u00fcr einen erkrankten Kameraden aus eigenen Reihen. Bei der aktuellen Sammlung konnten weitere 700,- \u20ac eingebucht werden.<\/p>\n<p>Da kann man nur stolz darauf sein, solche Kameraden in eigenen Reihen zu haben. <\/p>\n<p>[supsystic-gallery id=16]<\/p>\n<p>Text:Ren\u00e9 Krombholz<br \/>\nBilder: Frank Engels, Ren\u00e9 Krombholz<\/p>\n<table border=\"0\" width=\"100%\">\n<tbody>\n<tr>\n<td><strong>Titularfest 2016<\/strong><\/td>\n<\/tr>\n<tr>\n<td>&nbsp;<\/td>\n<\/tr>\n<tr>\n<td>Der Namenstag unseres Schutzheiligen&#8230;.<\/td>\n<\/tr>\n<tr>\n<td><img loading=\"lazy\" decoding=\"async\" class=\"wp-image-1023 aligncenter\" src=\"https:\/\/www.schuetzen-bilk.de\/wp-content\/uploads\/2016\/06\/titu2016-1-1.jpg\" alt=\"titu2016\" width=\"557\" height=\"406\"><\/td>\n<\/tr>\n<tr>\n<td>\u201aDas Schlusslied \u201eGro\u00dfer Gott wir loben Dich\u201c wurde voller Inbrunst<br \/>\nvon allen Kameraden angestimmt und schallte durch die \u00fcberf\u00fcllte<br \/>\nMartinskirche bis nach Drau\u00dfen.\u2018<br \/>\nZitat aus einem Bericht zum Titularfest in den sechziger Jahren des<br \/>\nletzten Jahrhunderts.<br \/>\nMit kleinen Abstrichen war es Jahrzehnte sp\u00e4ter &#8211; also 2015 \u00e4hnlich,<br \/>\nsch\u00f6n dass solche Traditionen weiterleben.Kaplan Edward Balagon(seit Herbst 2015 in Diensten St Martin) stellte in<br \/>\nseiner Predigt die neuzeitliche Frage: \u201ewar Jesus ein Partyg\u00e4nger?\u201c<br \/>\nSp\u00e4testens aber in den F\u00fcrbitten, die Themen wie Terror und<br \/>\nfrauenfeindliche Angriffe einschlossen, konnte man feststellen dass wir<br \/>\nim 21. Jahrhundert angekommen sind.Im Pfarrsaal der Friedenskirche eingetroffen, begr\u00fc\u00dften Tambourcorps und<br \/>\nFanfarenkorps die Sch\u00fctzenkameraden mit einem munteren St\u00e4ndchen.Schon fast traditionell begann Dieter Caspers den Vormittag mit der<br \/>\nFrage zur Nation (wie es Insider positiv sp\u00f6ttelnd benennen)<br \/>\nEr erinnerte an seine Rede vom Vorjahr an gleicher Stelle, in welcher<br \/>\n\u00fcber Fremdenfeindlichkeit, Ausl\u00e4nderhass und Religionsfreiheit die Rede<br \/>\nwar .<br \/>\nAktuell erg\u00e4nzte er abschlie\u00dfend: \u201eB\u00fcrgerwehren brauchen wir nicht,<br \/>\nWachsamkeit allerdings ist B\u00fcrgerpflicht &#8211; und Aufgaben der Sch\u00fctzen ist<br \/>\nes, sich der Integration und karikativen Unterst\u00fctzung aller Bed\u00fcrftigen<br \/>\nzuzuwenden.\u201cDie Verleihung des Regimentsverdienstordens als Zweith\u00f6chste<br \/>\nAuszeichnung des Sankt Sebastianus Sch\u00fctzenverein D\u00fcsseldorf Bilk 1445<br \/>\nEV folgte als n\u00e4chstes H\u00f6hepunkt.<br \/>\nErich Boss als ehemaliger Hauptmann der Tell Kompanie durfte diese hohe<br \/>\nAuszeichnung f\u00fcr seinen unerm\u00fcdlichen Einsatz entgegennehmen.Die Best\u00e4tigung der neu gew\u00e4hlten Hauptleute ist wesentlicher<br \/>\nBestandteil des Titularfestes.<br \/>\n2016 betraf dieses:<br \/>\n&nbsp;<\/td>\n<\/tr>\n<tr>\n<td>\n<table border=\"0\" width=\"100%\">\n<tbody>\n<tr>\n<td colspan=\"2\">1. Hauptmann<\/td>\n<\/tr>\n<tr>\n<td width=\"210\">Thorsten Blietschau<\/td>\n<td>1. Garde Sch\u00fctzen<\/td>\n<\/tr>\n<tr>\n<td width=\"210\">Norbert Meister<\/td>\n<td>Tell<\/td>\n<\/tr>\n<tr>\n<td width=\"210\">Andreas Lietz<\/td>\n<td>5. Sch\u00fctzen<\/td>\n<\/tr>\n<tr>\n<td width=\"210\">Richard Wachholder<\/td>\n<td>Antonius<\/td>\n<\/tr>\n<\/tbody>\n<\/table>\n<table border=\"0\" width=\"100%\">\n<tbody>\n<tr>\n<td colspan=\"2\">2. Hauptmann<\/td>\n<\/tr>\n<tr>\n<td width=\"209\">Michael Gorzynski<\/td>\n<td>Tell<\/td>\n<\/tr>\n<tr>\n<td width=\"209\">Klaus Josten<\/td>\n<td>5. Sch\u00fctzen<\/td>\n<\/tr>\n<tr>\n<td width=\"209\">Dirk Riemann<\/td>\n<td>Antonius<\/td>\n<\/tr>\n<\/tbody>\n<\/table>\n<table border=\"0\" width=\"100%\">\n<tbody>\n<tr>\n<td colspan=\"2\">Ehrenhauptmann<\/td>\n<\/tr>\n<tr>\n<td width=\"209\">Erich Bo\u00df<\/td>\n<td>Tell<\/td>\n<\/tr>\n<tr>\n<td width=\"209\">Kurt Weidemann<\/td>\n<td>5. Sch\u00fctzen<\/td>\n<\/tr>\n<\/tbody>\n<\/table>\n<table border=\"0\" width=\"100%\">\n<tbody>\n<tr>\n<td colspan=\"2\">Zum Oberleutnant im Bataillon wurden bef\u00f6rdert:<\/td>\n<\/tr>\n<tr>\n<td width=\"209\">Carsten Reuner<\/td>\n<td>Germania&nbsp;&nbsp;&nbsp;&nbsp;&nbsp;&nbsp;&nbsp;&nbsp;&nbsp;Grenadier-Bataillon<\/td>\n<\/tr>\n<tr>\n<td width=\"209\">Stefan Irsen<\/td>\n<td>1.Grenadiere&nbsp;&nbsp;&nbsp;&nbsp;Grenadier-Bataillon<\/td>\n<\/tr>\n<\/tbody>\n<\/table>\n<p>&nbsp;<\/td>\n<\/tr>\n<tr>\n<td>Sportwart Ulrich M\u00fcller ehrte die Sieger des Jubil\u00e4umspokals.<br \/>\nAn dieser Stelle gab es auch gleich eine freudige Nachricht von den<br \/>\nSportsch\u00fctzen zu vermelden, die am Vormittag ihren Wettkampf in der<br \/>\nLandes Oberliga gewonnen hatten.Nat\u00fcrlich folgten die Bilker Sch\u00fctzen auch ihren sozialen Statuten und<br \/>\nsammelten (unter Auftrags ihres K\u00f6nigs) f\u00fcr einen sozialen Zweck: 2016<br \/>\nwird die Aktion Sterntaler bedacht.Die Pause zwischen Sammlung und Ergebnis-Verk\u00fcndung n\u00fctzte Dieter<br \/>\nCaspers um noch einmal auf den Disput zwischen unseren OB Geisel und und<br \/>\nden Tr\u00e4ger der Jakob Phasen Plakette Thomas Beckmann (wegen seiner<br \/>\nWohnung) aufmerksam zu machen.<br \/>\nAnlass dazu gaben Fotoreporter die Thomas Beckmann im Saal der<br \/>\nFriedenskirche suchten.Die Spendensammlung zu Gunsten der Aktion Sterntaler ergab eine Summe<br \/>\nvon 579 \u20ac die vom Verein auf 600 \u20ac aufgestockt wurde.<\/td>\n<\/tr>\n<tr>\n<td>Ren\u00e9 Krombholz<\/td>\n<\/tr>\n<\/tbody>\n<\/table>\n","protected":false},"excerpt":{"rendered":"<p>Am Sonntag dem 22. Januar 2017 feierte der St. Sebastianus Sch\u00fctzenverein D\u00fcsseldorf Bilk e.V. 1445 das allj\u00e4hrliche die Titularfest, das Fest des Namenspatrons Sankt Sebastian.<span class=\"more-link\"><a href=\"https:\/\/www.schuetzen-bilk.de\/index.php\/titularfest\/\">Mehr&#8230;<\/a><\/span><\/p>\n","protected":false},"author":1,"featured_media":0,"parent":0,"menu_order":0,"comment_status":"closed","ping_status":"closed","template":"","meta":{"footnotes":""},"class_list":["entry","author-sebastian-thoene","post-1000","page","type-page","status-publish"],"_links":{"self":[{"href":"https:\/\/www.schuetzen-bilk.de\/index.php\/wp-json\/wp\/v2\/pages\/1000","targetHints":{"allow":["GET"]}}],"collection":[{"href":"https:\/\/www.schuetzen-bilk.de\/index.php\/wp-json\/wp\/v2\/pages"}],"about":[{"href":"https:\/\/www.schuetzen-bilk.de\/index.php\/wp-json\/wp\/v2\/types\/page"}],"author":[{"embeddable":true,"href":"https:\/\/www.schuetzen-bilk.de\/index.php\/wp-json\/wp\/v2\/users\/1"}],"replies":[{"embeddable":true,"href":"https:\/\/www.schuetzen-bilk.de\/index.php\/wp-json\/wp\/v2\/comments?post=1000"}],"version-history":[{"count":0,"href":"https:\/\/www.schuetzen-bilk.de\/index.php\/wp-json\/wp\/v2\/pages\/1000\/revisions"}],"wp:attachment":[{"href":"https:\/\/www.schuetzen-bilk.de\/index.php\/wp-json\/wp\/v2\/media?parent=1000"}],"curies":[{"name":"wp","href":"https:\/\/api.w.org\/{rel}","templated":true}]}}